+ 44. Suppose -k - 38 = -5*o, -4*k = 5*o - 8 - t. Let x = -45 + 67. What is the remainder when x is divided by o?
6
Let g(d) = 29*d**3 + 2*d**2 - 2*d + 1. Let n be g(1). Suppose n = 4*q + q + 4*a, -5*a + 15 = -5*q. Calculate the remainder when 7 is divided by q.
1
Let c be 4/(-14) - (-72)/7. Suppose -o - 3*m = -c, -5*o + m + m - 1 = 0. Calculate the remainder when ((-132)/(-3))/2*o is divided by 12.
10
Calculate the remainder when (-1320)/(-21) - (-1)/7 is divided by 17.
12
Suppose 0 = 2*m + 2*b - 6*b + 10, -2*b + 2 = 2*m. Suppose 3*q - 6 = q. What is the remainder when q is divided by m/2*-4 + 0?
1
Let c be (-2)/(-4) + 3/(-6). Suppose 4*y - 64 = 4*q, -52 = -4*y - c*q + q. What is the remainder when (2/5)/(4/220) is divided by y?
10
Let b = 136 + -88. Calculate the remainder when b is divided by 17.
14
What is the remainder when 3/(-4) + 105/28 + 8 is divided by 4?
3
Let t = -16 + 18. Suppose -6*z + z + 5*h = -10, 8 = 3*z - h. Calculate the remainder when z is divided by t.
1
Suppose -5*i + 49 = -0*i + 3*z, 2*i - 24 = z. Suppose 19 = 2*j - 21. Calculate the remainder when j is divided by i.
9
Let m(c) = 0*c - c + 1 + 3*c. Let d = 2 + 1. Calculate the remainder when m(d) is divided by 3.
1
Let q(t) = -2*t**2 - 23*t - 3. What is the remainder when (-100)/(-8) - (-1)/2 is divided by q(-11)?
5
Suppose -2*d + 43 = -3*d. Let j = 87 + d. Suppose -4*y - 30 = -p - 9*y, -4*p + y + 57 = 0. Calculate the remainder when j is divided by p.
14
Calculate the remainder when 24 is divided by (-198)/(-48) + -4 + 55/8.
3
Suppose -2*q - 3*u + 22 = 0, 2*q = 3*q + u - 11. What is the remainder when q is divided by 5?
1
Let h(w) = -w**2 + 7*w - 7. Suppose -u + 12 = 3*u. Calculate the remainder when h(5) is divided by u.
0
Let t = -202 - -332. What is the remainder when t is divided by 12?
10
Suppose 3*i + 3*c = 1080, 2*c + 0 + 2 = 0. Calculate the remainder when i is divided by 33.
31
Let b(q) = -3*q**3 + q**2 - 2*q. Let l be b(2). Calculate the remainder when 1 is divided by (-1)/4 - 30/l.
0
Suppose -5*d - 142 = -902. Let s(i) = i**2 + 3*i + 3. What is the remainder when d/3 + 2/(-3) is divided by s(-5)?
11
What is the remainder when (6*18/16)/((-11)/(-88)) is divided by 14?
12
Suppose -7*r + 1450 = -440. What is the remainder when r is divided by 39?
36
Let m = -2 - -4. Suppose m*k - 4*l = 4 + 4, -2*k + 8 = 4*l. Suppose -5*j + 4*u - 11 = -0*u, -k*j = u - 8. What is the remainder when j is divided by 1?
0
Suppose -2*t = -j - 5*t + 80, 3*j = 2*t + 207. What is the remainder when j is divided by 18?
17
Suppose -5*l + 0*l + 105 = 0. Calculate the remainder when 62 is divided by l.
20
Let t = -8 - -20. Let z(l) = 8*l - 5. Suppose -h + 25 = 4*h. What is the remainder when z(h) is divided by t?
11
Let u(f) = -3*f + 8*f**2 + 8 - 4 - 1. Calculate the remainder when u(2) is divided by 10.
9
Let r(o) be the second derivative of o**5/20 + o**4 + 4*o**3/3 - 8*o**2 + 9*o. Calculate the remainder when r(-11) is divided by 7.
3
Let d = 6 + 9. Calculate the remainder when 48 is divided by d.
3
Let l be (-2*(-2)/(-4))/1. Let f be (l - 0)*-1*1. What is the remainder when 20 is divided by (-22)/(1*(-1 - f))?
9
Suppose 0 = 10*l - 425 + 135. What is the remainder when l is divided by 8?
5
Let v(z) = -z**3 - 4*z**2 - 4*z. Let a be v(-3). Suppose 2*x - 19 = -a. What is the remainder when 22 is divided by x?
6
What is the remainder when 69 is divided by (5/(70/48))/(2/14)?
21
Let f = -7 - -12. Let u = 26 + f. Calculate the remainder when u is divided by 16.
15
Let j(t) = -1 - 2*t + 11*t**2 + 24*t**2 + t**2. Let l(a) = -a**3 + 4*a**2 + a - 5. Let o be l(4). What is the remainder when j(o) is divided by 13?
11
Let k(t) = -t**3 - 5*t**2 + 5*t + 9. Let d(q) = q + 3. Let z(b) = -b. Let p(s) = d(s) - 4*z(s). What is the remainder when p(5) is divided by k(-6)?
13
Let q = 58 + -44. What is the remainder when 27 is divided by q?
13
Suppose 7 + 9 = 2*y. Calculate the remainder when y is divided by 5.
3
Suppose 0 = -0*l + l - 9. Calculate the remainder when l is divided by 4.
1
Let m(z) = -7*z - 33. Let x(d) = 3*d + 16. Let o(w) = 4*m(w) + 9*x(w). Let f be o(9). Suppose 0 = a - f - 10. What is the remainder when a is divided by 5?
3
Let v(k) = k - 3. Let o be v(3). Let h = o - -4. What is the remainder when 13 is divided by h?
1
Suppose -3*j + 28 = 4*u, -3*j + 0*j = -5*u + 8. Calculate the remainder when 5 is divided by u.
1
Let r = 12 + -7. Suppose -r*i - 15 = 0, -3*i = 5*w + 2*i - 40. Let y = 50 + -9. What is the remainder when y is divided by w?
8
Suppose -4*s + 6*s - 8 = 0. Suppose 0 = s*v - 8*v. Let a(n) = n**2 - n + 12. What is the remainder when a(v) is divided by 7?
5
Let f(r) = -22*r**3 + 2*r**2 + 2. Let a be f(-2). Let u = a - 71. Let m = u - 69. Calculate the remainder when m is divided by 24.
22
Let l = -40 + 43. Calculate the remainder when 6 is divided by l.
0
Let y(i) = 18*i**2 - 3*i - 3. Calculate the remainder when y(3) is divided by 39.
33
Suppose -4*x + 38 = -5*m - 21, -82 = -5*x - 2*m. Suppose 0 = q - 5 - x. Calculate the remainder when q is divided by 12.
9
Let f = -156 + 180. Calculate the remainder when 71 is divided by f.
23
Let v = 4 + -12. Let u(g) = g + 14. Calculate the remainder when 15 is divided by u(v).
3
Suppose -5*f + 175 = -5*a, 8*a = 2*f + 4*a - 60. Calculate the remainder when f is divided by 11.
7
Suppose 0 = -l + 28 + 113. Suppose -5*z + 3*d + l = -3*z, -z + 4*d + 73 = 0. What is the remainder when z is divided by 18?
15
Let d(p) be the second derivative of 5*p**3/6 - 19*p**2/2 + 4*p. Let f = -4 - -11. Calculate the remainder when d(9) is divided by f.
5
Let x be (272/(-8))/(1 - 0). Let d = -25 - x. Let z = -16 - -22. Calculate the remainder when d is divided by z.
3
Let y be 15/4 + (-2)/(-8). Suppose 150 = c + y*c. What is the remainder when c is divided by 16?
14
Let f(i) = -2*i**2 + 6. Calculate the remainder when 18 is divided by f(0).
0
Suppose 0 = 13*b - 4*b - 1215. What is the remainder when b is divided by 20?
15
Suppose p - 50 = -3*x, 0*p - p + 4*x = -50. Suppose p = -2*z + 7*z. Let u(j) = j**3 - 2*j**2 + 2*j + 3. What is the remainder when u(3) is divided by z?
8
Let t = -5 + 10. What is the remainder when (-96)/(-7) + ((-12)/(-42))/1 is divided by t?
4
Suppose 5*q - 2*p - 47 = 0, 78 = 4*q + 2*p + 26. What is the remainder when 118/6 - (-4)/12 is divided by q?
9
Suppose 39 = 2*b - 17. Calculate the remainder when b is divided by 15.
13
Suppose 3*m - 2*d = -24, -m - 2 = 5*d + 6. Let c = -3 - m. What is the remainder when 18 is divided by c?
3
Suppose -w + 3*w + 4*l = 60, -3*w = l - 105. Calculate the remainder when 141 is divided by w.
33
Suppose 5*c + r = -20, 5*r = -14 - 11. Let m = -103 - -187. Calculate the remainder when 26 is divided by m/8 + c/2.
8
Let j(r) = r**3 + 5*r**2 - 3*r + 7. Let n(v) be the first derivative of -v**2/2 + 6*v + 1. What is the remainder when j(-5) is divided by n(-6)?
10
Let b = -5 - -7. Suppose 4*i = b*w + 102, 2*i - 30 - 1 = 5*w. What is the remainder when i is divided by 15?
13
Let h = -1 + 16. Let m(k) = -k**2 - 6*k - 3. Let d be m(-4). Let p = h - d. What is the remainder when 38 is divided by p?
8
Let f = -7 - -11. Suppose f*a = -a + 385. Calculate the remainder when a is divided by 20.
17
Suppose 5*i + 2*v = 19, -2*i - 2*v + 11 = 1. Calculate the remainder when i is divided by 3.
0
Suppose -4*u = x, -5*x + 3*u = u. Let k be (1 + x)/(1 - 2). Calculate the remainder when ((-1)/k)/((-8)/(-104)) is divided by 8.
5
Let u(x) = x**2 + 3*x - 5. Suppose -h = 3*h - 112. Suppose 5*i - 5 - h = -4*d, 0 = -d + i + 15. Calculate the remainder when u(4) is divided by d.
11
Let r = 1 + 15. Suppose -4*c - 3*b = -18, r = 4*c + 4*b - 0. Let w(x) = x**3 - x**2 + 10. Calculate the remainder when w(0) is divided by c.
4
Suppose 7*l = 63 + 35. Calculate the remainder when l is divided by 8.
6
Suppose 6*h = 3*h + 4*r + 22, -48 = -4*h - 4*r. Let a = 194 + -124. Suppose -v - 9 = -4*v, 4*m - 2*v = a. Calculate the remainder when m is divided by h.
9
Let a(f) be the first derivative of -f**2/2 + f - 1. Calculate the remainder when 24 is divided by a(-8).
6
What is the remainder when (0 - -1)/((-8 - -11)/297) is divided by 25*1/(-2)*-2?
24
Suppose 13 - 73 = -5*y. Let w = 23 - y. Calculate the remainder when 30 is divided by w.
8
Suppose 5*i